{"id":744,"date":"2024-02-25T01:34:45","date_gmt":"2024-02-25T00:34:45","guid":{"rendered":"https:\/\/blog.icwt.hu\/ctl-paris\/?page_id=744"},"modified":"2024-02-26T15:12:27","modified_gmt":"2024-02-26T14:12:27","slug":"petit-gris","status":"publish","type":"page","link":"https:\/\/blog.icwt.hu\/ctl-paris\/dossiers\/petit-gris\/","title":{"rendered":"Petit-Gris"},"content":{"rendered":"<blockquote><p>Ha m\u00e1r akt\u00e1kat vezetek mindenkir\u0151l, akit csak ismerek, szerintem \u00fagy fair, ha magamat is feljegyzem.<br \/>\n<cite>\u2013 <strong>PG<\/strong><\/cite><\/p><\/blockquote>\n<table style=\"width: 100%;\">\n<tbody>\n<tr>\n<th style=\"text-align: left;\" colspan=\"4\">D\u00e9tails biographiques \u2013 Oficielles<\/th>\n<\/tr>\n<tr>\n<td><strong>Pr\u00e9nom:<\/strong> Catherine<\/td>\n<td colspan=\"2\"><strong>P. deuxi\u00e8me:<\/strong> Florence<\/td>\n<td><strong>Nom:<\/strong> Le Brun<\/td>\n<\/tr>\n<tr>\n<td><strong>Nationalit\u00e9:<\/strong> Fran\u00e7aise<\/td>\n<td><strong>Date de naissance:<\/strong> 27-08-1983<\/td>\n<td><strong>Lieu de naissance:<\/strong> Orl\u00e9ans<\/td>\n<td><strong>Sexe:<\/strong> F<\/td>\n<\/tr>\n<tr>\n<th style=\"text-align: left;\" colspan=\"4\">D\u00e9tails biographiques \u2013 R\u00e9elles<\/th>\n<\/tr>\n<tr>\n<td><strong>Pr\u00e9nom:<\/strong> VCC<\/td>\n<td colspan=\"2\"><strong>P. deuxi\u00e8me:<\/strong> VCC<\/td>\n<td><strong>Nom:<\/strong> VCC<\/td>\n<\/tr>\n<tr>\n<td><strong>Nationalit\u00e9:<\/strong> VCC<\/td>\n<td><strong>Date de naissance:<\/strong> VCC<\/td>\n<td><strong>Lieu de naissance:<\/strong> VCC<\/td>\n<td><strong>Sexe:<\/strong> VCC<\/td>\n<\/tr>\n<\/tbody>\n<\/table>\n<h2>Kapcsolatok<\/h2>\n<h3>Csal\u00e1d<\/h3>\n<ul>\n<li><strong>anya &#8211;<\/strong> Marie Anne de Rais<\/li>\n<li><strong>apa &#8211;<\/strong> G\u00e9rard Le Brun<\/li>\n<li><strong>testv\u00e9r(ek) &#8211;<\/strong> nincs<\/li>\n<li><strong>nagysz\u00fcl\u0151(k) &#8211;<\/strong> Florence Marie Bertholde (anyai nagymama), Francois de Rais (anyai nagypapa &#8211; \u20202002)<\/li>\n<li><strong>egy\u00e9b rokonok &#8211;<\/strong> Daniel Le Brun (apai nagyb\u00e1csi); Jacqueline Le Brun (nagyn\u00e9ni); Julien Le Brun (unoka\u00f6ccs); Julie Le Brun (unokah\u00fag)<\/li>\n<\/ul>\n<h3>T\u00e1rs<\/h3>\n<ul>\n<li><strong>egyed\u00fcl\u00e1ll\u00f3<\/strong><\/li>\n<li><strong>ex-kapcsolatok &#8211;<\/strong> Patrice Berger (2003-2005); Simon Maes (2001-2003)<\/li>\n<\/ul>\n<h3>Bar\u00e1tok<\/h3>\n<ul>\n<li>Leclercq, <strong>Audrey<\/strong> (n. 1982) &#8211; k\u00f6zepesen sikeres rockzen\u00e9sz, dobos<\/li>\n<li>Martin-Dubois, <strong>Emilie<\/strong> (n. 1983; n\u00e9e Dubois) &#8211; h\u00e1ztart\u00e1sbeli anya, k\u00e9t ikergyerekkel, egy\u00e9bk\u00e9nt programoz\u00f3<\/li>\n<li>Montreusse-Borrel, <strong>Noella<\/strong> (n. 1986) &#8211; k\u00f6nyvesbolti elad\u00f3 (ne viccelj\u00fcnk, <strong><em>Bulle<\/em><\/strong>)<\/li>\n<\/ul>\n<h2>Munka, iskola<\/h2>\n<ul>\n<li><strong>munkahely &#8211;<\/strong> MWMB \u00fcgyv\u00e9di iroda &#8211; P\u00e1rizs<\/li>\n<li><strong>beoszt\u00e1s &#8211;<\/strong> nemzetk\u00f6zi p\u00e9nz\u00fcgyi tan\u00e1csad\u00f3 (gyakornok)<\/li>\n<li><strong>fizet\u00e9s &#8211;<\/strong> 114.000 \u20ac \/ \u00e9v<\/li>\n<li><strong>iskola &#8211;<\/strong> Universit\u00e9 d&#8217;Orl\u00e9ans<\/li>\n<li><strong>v\u00e9gzetts\u00e9g &#8211;<\/strong> nemzetk\u00f6zi p\u00e9nz\u00fcgyi menedzser<\/li>\n<\/ul>\n<h2>Egzisztencia<\/h2>\n<ul>\n<li><strong>ingatlan &#8211;<\/strong> k\u00e9t szob\u00e1s lak\u00e1s &#8211; Saint Denis (otthon)<\/li>\n<li><strong>j\u00e1rm\u0171 &#8211;<\/strong> 1993 Citro\u00ebn Xantia (szed\u00e1n, fekete)<\/li>\n<li><strong>vagyon &#8211;<\/strong> 5.000 \u20ac (1.450.000 \u20ac)<\/li>\n<\/ul>\n<p>&nbsp;<\/p>\n","protected":false},"excerpt":{"rendered":"<p>Ha m\u00e1r akt\u00e1kat vezetek mindenkir\u0151l, akit csak ismerek, szerintem \u00fagy fair, ha magamat is feljegyzem. \u2013 PG D\u00e9tails biographiques \u2013 Oficielles Pr\u00e9nom: Catherine P. deuxi\u00e8me: Florence Nom: Le Brun Nationalit\u00e9: Fran\u00e7aise Date de naissance: 27-08-1983 Lieu de naissance: Orl\u00e9ans Sexe: F D\u00e9tails biographiques \u2013 R\u00e9elles Pr\u00e9nom: VCC P. deuxi\u00e8me: VCC Nom: VCC Nationalit\u00e9: VCC Date [&hellip;]<\/p>\n","protected":false},"author":2,"featured_media":0,"parent":742,"menu_order":0,"comment_status":"closed","ping_status":"closed","template":"","meta":{"footnotes":""},"class_list":["post-744","page","type-page","status-publish","hentry"],"_links":{"self":[{"href":"https:\/\/blog.icwt.hu\/ctl-paris\/wp-json\/wp\/v2\/pages\/744","targetHints":{"allow":["GET"]}}],"collection":[{"href":"https:\/\/blog.icwt.hu\/ctl-paris\/wp-json\/wp\/v2\/pages"}],"about":[{"href":"https:\/\/blog.icwt.hu\/ctl-paris\/wp-json\/wp\/v2\/types\/page"}],"author":[{"embeddable":true,"href":"https:\/\/blog.icwt.hu\/ctl-paris\/wp-json\/wp\/v2\/users\/2"}],"replies":[{"embeddable":true,"href":"https:\/\/blog.icwt.hu\/ctl-paris\/wp-json\/wp\/v2\/comments?post=744"}],"version-history":[{"count":4,"href":"https:\/\/blog.icwt.hu\/ctl-paris\/wp-json\/wp\/v2\/pages\/744\/revisions"}],"predecessor-version":[{"id":749,"href":"https:\/\/blog.icwt.hu\/ctl-paris\/wp-json\/wp\/v2\/pages\/744\/revisions\/749"}],"up":[{"embeddable":true,"href":"https:\/\/blog.icwt.hu\/ctl-paris\/wp-json\/wp\/v2\/pages\/742"}],"wp:attachment":[{"href":"https:\/\/blog.icwt.hu\/ctl-paris\/wp-json\/wp\/v2\/media?parent=744"}],"curies":[{"name":"wp","href":"https:\/\/api.w.org\/{rel}","templated":true}]}}

<blockquote><p>Ha már aktákat vezetek mindenkiről, akit csak ismerek, szerintem úgy fair, ha magamat is feljegyzem.<br />
<cite>– <strong>PG</strong></cite></p></blockquote>
<table style="width: 100%;">
<tbody>
<tr>
<th style="text-align: left;" colspan="4">Détails biographiques – Oficielles</th>
</tr>
<tr>
<td><strong>Prénom:</strong> Catherine</td>
<td colspan="2"><strong>P. deuxième:</strong> Florence</td>
<td><strong>Nom:</strong> Le Brun</td>
</tr>
<tr>
<td><strong>Nationalité:</strong> Française</td>
<td><strong>Date de naissance:</strong> 27-08-1983</td>
<td><strong>Lieu de naissance:</strong> Orléans</td>
<td><strong>Sexe:</strong> F</td>
</tr>
<tr>
<th style="text-align: left;" colspan="4">Détails biographiques – Réelles</th>
</tr>
<tr>
<td><strong>Prénom:</strong> VCC</td>
<td colspan="2"><strong>P. deuxième:</strong> VCC</td>
<td><strong>Nom:</strong> VCC</td>
</tr>
<tr>
<td><strong>Nationalité:</strong> VCC</td>
<td><strong>Date de naissance:</strong> VCC</td>
<td><strong>Lieu de naissance:</strong> VCC</td>
<td><strong>Sexe:</strong> VCC</td>
</tr>
</tbody>
</table>
<h2>Kapcsolatok</h2>
<h3>Család</h3>
<ul>
<li><strong>anya &#8211;</strong> Marie Anne de Rais</li>
<li><strong>apa &#8211;</strong> Gérard Le Brun</li>
<li><strong>testvér(ek) &#8211;</strong> nincs</li>
<li><strong>nagyszülő(k) &#8211;</strong> Florence Marie Bertholde (anyai nagymama), Francois de Rais (anyai nagypapa &#8211; †2002)</li>
<li><strong>egyéb rokonok &#8211;</strong> Daniel Le Brun (apai nagybácsi); Jacqueline Le Brun (nagynéni); Julien Le Brun (unokaöccs); Julie Le Brun (unokahúg)</li>
</ul>
<h3>Társ</h3>
<ul>
<li><strong>egyedülálló</strong></li>
<li><strong>ex-kapcsolatok &#8211;</strong> Patrice Berger (2003-2005); Simon Maes (2001-2003)</li>
</ul>
<h3>Barátok</h3>
<ul>
<li>Leclercq, <strong>Audrey</strong> (n. 1982) &#8211; közepesen sikeres rockzenész, dobos</li>
<li>Martin-Dubois, <strong>Emilie</strong> (n. 1983; née Dubois) &#8211; háztartásbeli anya, két ikergyerekkel, egyébként programozó</li>
<li>Montreusse-Borrel, <strong>Noella</strong> (n. 1986) &#8211; könyvesbolti eladó (ne vicceljünk, <strong><em>Bulle</em></strong>)</li>
</ul>
<h2>Munka, iskola</h2>
<ul>
<li><strong>munkahely &#8211;</strong> MWMB ügyvédi iroda &#8211; Párizs</li>
<li><strong>beosztás &#8211;</strong> nemzetközi pénzügyi tanácsadó (gyakornok)</li>
<li><strong>fizetés &#8211;</strong> 114.000 € / év</li>
<li><strong>iskola &#8211;</strong> Université d&#8217;Orléans</li>
<li><strong>végzettség &#8211;</strong> nemzetközi pénzügyi menedzser</li>
</ul>
<h2>Egzisztencia</h2>
<ul>
<li><strong>ingatlan &#8211;</strong> két szobás lakás &#8211; Saint Denis (otthon)</li>
<li><strong>jármű &#8211;</strong> 1993 Citroën Xantia (szedán, fekete)</li>
<li><strong>vagyon &#8211;</strong> 5.000 € (1.450.000 €)</li>
</ul>
<p>&nbsp;</p>

<p>Ha már aktákat vezetek mindenkiről, akit csak ismerek, szerintem úgy fair, ha magamat is feljegyzem. – PG Détails biographiques – Oficielles Prénom: Catherine P. deuxième: Florence Nom: Le Brun Nationalité: Française Date de naissance: 27-08-1983 Lieu de naissance: Orléans Sexe: F Détails biographiques – Réelles Prénom: VCC P. deuxième: VCC Nom: VCC Nationalité: VCC Date [&hellip;]</p>
