{"id":654,"date":"2021-09-14T14:24:03","date_gmt":"2021-09-14T13:24:03","guid":{"rendered":"https:\/\/blog.icwt.hu\/ctl-paris\/?page_id=654"},"modified":"2023-11-20T16:38:53","modified_gmt":"2023-11-20T15:38:53","slug":"maison","status":"publish","type":"page","link":"https:\/\/blog.icwt.hu\/ctl-paris\/remarques\/maison\/","title":{"rendered":"La douceur du foyer"},"content":{"rendered":"<blockquote><p>Csod\u00e1s otthonaink alaprajza, Petit QT aj\u00e1nd\u00e9ka.<br \/>\nPersze nem ilyen b\u00fatorok vannak \u00e9s nem ott, a konyh\u00e1kba ker\u00fclt a mosogat\u00f3- \u00e9s a mos\u00f3g\u00e9p is \u00e9s a s\u00f6t\u00e9t lak\u00e1sokban (jobb oldal) lebontott\u00e1k szerencs\u00e9re a falat a konyha \u00e9s a nappali k\u00f6z\u00f6tt. Mivel nem kaptunk olyan rajzot, amin a l\u00e9pcs\u0151h\u00e1z is rajta van, ez\u00e9rt higgy\u00fck el, hogy lent van a bej\u00e1rat, fent pedig a kij\u00e1rat a kertbe. Ha egyszer befedetj\u00fck, akkor gar\u00e1zsba.<br \/>\n<cite>\u2013 <strong>Gris<\/strong><\/cite><\/p><\/blockquote>\n<p><img loading=\"lazy\" decoding=\"async\" class=\"aligncenter wp-image-655 size-full\" src=\"https:\/\/blog.icwt.hu\/ctl-paris\/wp-content\/uploads\/sites\/2\/2021\/09\/8-Rue-des-Ursulines.png\" alt=\"\" width=\"750\" height=\"615\" \/><\/p>\n<p><strong>appartements lumineux<\/strong><\/p>\n<ul>\n<li>appartement 1 \u2013 Barbara<\/li>\n<li>appartement 3 \u2013 Abira<\/li>\n<li>appartement 5 \u2013 Christine<\/li>\n<\/ul>\n<p><strong>appartements sombres<\/strong><\/p>\n<ul>\n<li>appartement 2 \u2013 Michel<\/li>\n<li>appartement 4 \u2013 Fran\u00e7oise<\/li>\n<li>appartement 6 \u2013 Jasmine<\/li>\n<\/ul>\n","protected":false},"excerpt":{"rendered":"<p>Csod\u00e1s otthonaink alaprajza, Petit QT aj\u00e1nd\u00e9ka. Persze nem ilyen b\u00fatorok vannak \u00e9s nem ott, a konyh\u00e1kba ker\u00fclt a mosogat\u00f3- \u00e9s a mos\u00f3g\u00e9p is \u00e9s a s\u00f6t\u00e9t lak\u00e1sokban (jobb oldal) lebontott\u00e1k szerencs\u00e9re a falat a konyha \u00e9s a nappali k\u00f6z\u00f6tt. Mivel nem kaptunk olyan rajzot, amin a l\u00e9pcs\u0151h\u00e1z is rajta van, ez\u00e9rt higgy\u00fck el, hogy lent [&hellip;]<\/p>\n","protected":false},"author":2,"featured_media":0,"parent":588,"menu_order":0,"comment_status":"closed","ping_status":"closed","template":"","meta":{"footnotes":""},"class_list":["post-654","page","type-page","status-publish","hentry"],"_links":{"self":[{"href":"https:\/\/blog.icwt.hu\/ctl-paris\/wp-json\/wp\/v2\/pages\/654","targetHints":{"allow":["GET"]}}],"collection":[{"href":"https:\/\/blog.icwt.hu\/ctl-paris\/wp-json\/wp\/v2\/pages"}],"about":[{"href":"https:\/\/blog.icwt.hu\/ctl-paris\/wp-json\/wp\/v2\/types\/page"}],"author":[{"embeddable":true,"href":"https:\/\/blog.icwt.hu\/ctl-paris\/wp-json\/wp\/v2\/users\/2"}],"replies":[{"embeddable":true,"href":"https:\/\/blog.icwt.hu\/ctl-paris\/wp-json\/wp\/v2\/comments?post=654"}],"version-history":[{"count":0,"href":"https:\/\/blog.icwt.hu\/ctl-paris\/wp-json\/wp\/v2\/pages\/654\/revisions"}],"up":[{"embeddable":true,"href":"https:\/\/blog.icwt.hu\/ctl-paris\/wp-json\/wp\/v2\/pages\/588"}],"wp:attachment":[{"href":"https:\/\/blog.icwt.hu\/ctl-paris\/wp-json\/wp\/v2\/media?parent=654"}],"curies":[{"name":"wp","href":"https:\/\/api.w.org\/{rel}","templated":true}]}}

<blockquote><p>Csodás otthonaink alaprajza, Petit QT ajándéka.<br />
Persze nem ilyen bútorok vannak és nem ott, a konyhákba került a mosogató- és a mosógép is és a sötét lakásokban (jobb oldal) lebontották szerencsére a falat a konyha és a nappali között. Mivel nem kaptunk olyan rajzot, amin a lépcsőház is rajta van, ezért higgyük el, hogy lent van a bejárat, fent pedig a kijárat a kertbe. Ha egyszer befedetjük, akkor garázsba.<br />
<cite>– <strong>Gris</strong></cite></p></blockquote>
<p><img loading="lazy" decoding="async" class="aligncenter wp-image-655 size-full" src="https://blog.icwt.hu/ctl-paris/wp-content/uploads/sites/2/2021/09/8-Rue-des-Ursulines.png" alt="" width="750" height="615" /></p>
<p><strong>appartements lumineux</strong></p>
<ul>
<li>appartement 1 – Barbara</li>
<li>appartement 3 – Abira</li>
<li>appartement 5 – Christine</li>
</ul>
<p><strong>appartements sombres</strong></p>
<ul>
<li>appartement 2 – Michel</li>
<li>appartement 4 – Françoise</li>
<li>appartement 6 – Jasmine</li>
</ul>

<p>Csodás otthonaink alaprajza, Petit QT ajándéka. Persze nem ilyen bútorok vannak és nem ott, a konyhákba került a mosogató- és a mosógép is és a sötét lakásokban (jobb oldal) lebontották szerencsére a falat a konyha és a nappali között. Mivel nem kaptunk olyan rajzot, amin a lépcsőház is rajta van, ezért higgyük el, hogy lent [&hellip;]</p>
